{"id":42,"date":"2020-03-22T18:58:58","date_gmt":"2020-03-22T17:58:58","guid":{"rendered":"http:\/\/locationsaintcast.fr\/?page_id=42"},"modified":"2024-07-13T18:28:18","modified_gmt":"2024-07-13T16:28:18","slug":"les-alentours","status":"publish","type":"page","link":"https:\/\/locationsaintcast.fr\/?page_id=42","title":{"rendered":"Les choses \u00e0 faire"},"content":{"rendered":"\n<p><strong>Les sentiers douaniers du GR34&nbsp;\/ <em>The GR34 customs trails<\/em> :<\/strong><\/p>\n\n\n\n<p>Sillonnez, \u00e0 travers le GR 34 et les diff\u00e9rentes boucles propos\u00e9es (carte \u00e0 demander \u00e0 l\u2019office du tourisme), la presqu\u2019\u00eele baignant dans les eaux bleu-vert de la C\u00f4te d\u2019Emeraude et au riche patrimoine (chapelles, moulins, \u00e9glise).<\/p>\n\n\n\n<p><strong>19 km de sentiers c\u00f4tiers<\/strong> vous sont accessibles, vous offrant des vues inattendues et des panoramas \u00e9poustouflants.<\/p>\n\n\n\n<p>Autres suggestions de circuits \u00e0 pied ou \u00e0 v\u00e9lo&nbsp;:<\/p>\n\n\n\n<p>Fiches PDF t\u00e9l\u00e9chargeables sur <a href=\"http:\/\/www.visorando.com\/randonnee-saint-cast-le-guildo.html\">http:\/\/www.visorando.com\/randonnee-saint-cast-le-guildo.html<\/a>, suivi possible sur votre mobile via l\u2019application Visorando,<\/p>\n\n\n\n<p>ou encore <a href=\"https:\/\/www.cirkwi.com\/fr\/recherche?lat=48.63209&amp;lng=-2.2598&amp;zoom=12&amp;types=circuit;&amp;locomotions=2;24;4;3;16;26;25;7;8;6;12;5;11;20;&amp;offset=0\">https:\/\/www.cirkwi.com\/fr\/recherche?lat=48.63209&amp;lng=-2.2598&amp;zoom=12&amp;types=circuit;&amp;locomotions=2;24;4;3;16;26;25;7;8;6;12;5;11;20;&amp;offset=0<\/a><\/p>\n\n\n\n<p><\/p>\n\n\n\n<p><em>Cross, through the GR 34 and the various loops offered (map to be requested at the tourist office), the peninsula bathed in the blue-green waters of the \u00a0\u00bb C\u00f4te d&rsquo;Emeraude\u00a0\u00bb and with its rich heritage (chapels, mills, church).<\/em><\/p>\n\n\n\n<p><em><strong>19 km of coastal paths<\/strong> are accessible to you, offering unexpected views and breathtaking panoramas.<\/em><\/p>\n\n\n\n<p><em>Other suggestions for walking or cycling tours:<\/em><\/p>\n\n\n\n<p><em>Downloadable PDF sheets on http:\/\/www.visorando.com\/randonnee-saint-cast-le-guildo.html, tracking possible on your mobile via the Visorando app<\/em>.<\/p>\n\n\n\n<p><strong>Les jours de grande mar\u00e9e&nbsp;\/<em> On high tide days<\/em> :<\/strong><\/p>\n\n\n\n<figure class=\"wp-block-image size-full\"><img loading=\"lazy\" decoding=\"async\" width=\"394\" height=\"210\" src=\"https:\/\/locationsaintcast.fr\/wp-content\/uploads\/2024\/06\/Parcs-a-huitres.jpg\" alt=\"\" class=\"wp-image-245\" srcset=\"https:\/\/locationsaintcast.fr\/wp-content\/uploads\/2024\/06\/Parcs-a-huitres.jpg 394w, https:\/\/locationsaintcast.fr\/wp-content\/uploads\/2024\/06\/Parcs-a-huitres-300x160.jpg 300w\" sizes=\"auto, (max-width: 394px) 100vw, 394px\" \/><\/figure>\n\n\n\n<p>Lors des grandes mar\u00e9es (\u00e0 partir de coefficient 100 \u00e0 peu pr\u00e8s), on peut rejoindre \u00e0 mar\u00e9e basse la baie de l\u2019Arguenon \u00e0 pied depuis la plage de Pen Guen (c\u2019est-\u00e0-dire la plage se trouvant juste devant la r\u00e9sidence) en contournant la pointe du Bay (c\u2019est-\u00e0-dire la pointe situ\u00e9e au bout de la plage \u00e0 droite lorsqu\u2019on est face \u00e0 la mer). Une balade extraordinaire au c\u0153ur des parcs \u00e0 huitres et de bouchots \u00e0 moules s\u2019offre alors \u00e0 vous&nbsp;! Munissez-vous de bottes ou marchez pieds nus, car c\u2019est humide. Vous pouvez m\u00eame rejoindre l\u2019\u00eele des Ebihens que vous voyez en haut \u00e0 gauche sur la photo ci-dessus.<\/p>\n\n\n\n<p><em>During high tides (from a coefficient of 100 or so), you can reach the bay of Arguenon on foot at low tide from the beach of Pen Guen (i.e. the beach just in front of the residence) by going around the tip of the Bay (i.e. the point located at the end of the beach on the right when facing the sea). An extraordinary walk in the heart of the oyster beds and mussel bouchots is then offered to you! Wear boots or walk barefoot, as it is wet. You can even reach the island of Ebihens that you see in the top left in the photo above.&nbsp;<\/em><\/p>\n\n\n\n<p><strong>Le Cap Fr\u00e9hel<\/strong>&nbsp;(19 Km \/ 24 mn en voiture) :<\/p>\n\n\n\n<figure class=\"wp-block-image size-full\"><img loading=\"lazy\" decoding=\"async\" width=\"292\" height=\"220\" src=\"https:\/\/locationsaintcast.fr\/wp-content\/uploads\/2024\/06\/Cap-Frehel.jpg\" alt=\"\" class=\"wp-image-232\"\/><\/figure>\n\n\n\n<p><strong>Le ch\u00e2teau de Fort La Latte<\/strong> (18 Km \/ 22 mn en voiture)&nbsp;:<\/p>\n\n\n\n<figure class=\"wp-block-image size-full\"><img loading=\"lazy\" decoding=\"async\" width=\"390\" height=\"261\" src=\"https:\/\/locationsaintcast.fr\/wp-content\/uploads\/2024\/06\/Le-Fort-Lalatte.jpg\" alt=\"\" class=\"wp-image-233\" srcset=\"https:\/\/locationsaintcast.fr\/wp-content\/uploads\/2024\/06\/Le-Fort-Lalatte.jpg 390w, https:\/\/locationsaintcast.fr\/wp-content\/uploads\/2024\/06\/Le-Fort-Lalatte-300x201.jpg 300w, https:\/\/locationsaintcast.fr\/wp-content\/uploads\/2024\/06\/Le-Fort-Lalatte-150x100.jpg 150w\" sizes=\"auto, (max-width: 390px) 100vw, 390px\" \/><\/figure>\n\n\n\n<p>Tr\u00e8s belle (et tr\u00e8s facile) randonn\u00e9e entre le Cap Fr\u00e9hel et le Fort La Latte (ou l\u2019inverse) sur les sentiers c\u00f4tiers (4,3 Km \/ 1h30 de marche).<\/p>\n\n\n\n<p><em>Very nice (and very easy) hike between Cap Fr\u00e9hel and Fort La Latte (or the other way around) on the coastal paths (4.3 Km \/ 1h30 walk).<\/em><\/p>\n\n\n\n<p><strong>Lanvallay<\/strong> (30 km \/ 39 mn en voiture)&nbsp;:<\/p>\n\n\n\n<figure class=\"wp-block-image size-full\"><img loading=\"lazy\" decoding=\"async\" width=\"390\" height=\"221\" src=\"https:\/\/locationsaintcast.fr\/wp-content\/uploads\/2024\/06\/Lanvallay.jpg\" alt=\"\" class=\"wp-image-234\" srcset=\"https:\/\/locationsaintcast.fr\/wp-content\/uploads\/2024\/06\/Lanvallay.jpg 390w, https:\/\/locationsaintcast.fr\/wp-content\/uploads\/2024\/06\/Lanvallay-300x170.jpg 300w\" sizes=\"auto, (max-width: 390px) 100vw, 390px\" \/><\/figure>\n\n\n\n<p>Se garer dans le petit port de Lanvallay, se promener sur les bords de la Rance, puis prendre la petite rue pi\u00e9tonne qui remonte vers le centre historique de Dinan. Au retour, prendre le chemin de ronde et&nbsp;monter sur les remparts pour admirer la vue.<\/p>\n\n\n\n<p><em>Park in the small port of Lanvallay, walk along the banks of the Rance, then take the small pedestrian street that goes up to the historic centre of Dinan. On the way back, take the walkway and climb the ramparts to admire the view.<\/em><\/p>\n\n\n\n<p><strong>Le Ch\u00e2teau du Guildo<\/strong> (7 Km \/ 12 mn en voiture)&nbsp;:<\/p>\n\n\n\n<figure class=\"wp-block-image size-full\"><img loading=\"lazy\" decoding=\"async\" width=\"392\" height=\"259\" src=\"https:\/\/locationsaintcast.fr\/wp-content\/uploads\/2024\/06\/Chateau-du-Guildo.jpg\" alt=\"\" class=\"wp-image-235\" srcset=\"https:\/\/locationsaintcast.fr\/wp-content\/uploads\/2024\/06\/Chateau-du-Guildo.jpg 392w, https:\/\/locationsaintcast.fr\/wp-content\/uploads\/2024\/06\/Chateau-du-Guildo-300x198.jpg 300w, https:\/\/locationsaintcast.fr\/wp-content\/uploads\/2024\/06\/Chateau-du-Guildo-150x100.jpg 150w\" sizes=\"auto, (max-width: 392px) 100vw, 392px\" \/><\/figure>\n\n\n\n<p>Apr\u00e8s avoir d\u00e9ambul\u00e9 dans les ruines du ch\u00e2teau, poursuivez votre balade en empruntant le sentier qui longe le littoral en direction de Saint-Jacut. Au-del\u00e0 de la vue extraordinaire dont vous jouirez, profitez du lieu pour pique-niquer sur l&rsquo;une des jolies plages qui jalonnent le parcours. L&rsquo;endroit est absolument magique (et peu fr\u00e9quent\u00e9) !<\/p>\n\n\n\n<p><em>After visiting the castle, continue your walk by taking the path that runs along the coast towards Saint-Jacut. In addition to the extraordinary view you will enjoy, take advantage of the place to have a picnic on one of the pretty beaches along the way. The place is absolutely magical (and not very crowded)!<\/em><\/p>\n\n\n\n<p><strong>La Pointe de la Garde<\/strong>&nbsp;(2 Km \/ 6 mn en voiture&nbsp;; 27 mn \u00e0 pieds) :<\/p>\n\n\n\n<figure class=\"wp-block-image size-full\"><img loading=\"lazy\" decoding=\"async\" width=\"885\" height=\"520\" src=\"https:\/\/locationsaintcast.fr\/wp-content\/uploads\/2024\/06\/Pointe-de-la-Garde.jpg\" alt=\"\" class=\"wp-image-236\" srcset=\"https:\/\/locationsaintcast.fr\/wp-content\/uploads\/2024\/06\/Pointe-de-la-Garde.jpg 885w, https:\/\/locationsaintcast.fr\/wp-content\/uploads\/2024\/06\/Pointe-de-la-Garde-300x176.jpg 300w, https:\/\/locationsaintcast.fr\/wp-content\/uploads\/2024\/06\/Pointe-de-la-Garde-768x451.jpg 768w\" sizes=\"auto, (max-width: 885px) 100vw, 885px\" \/><\/figure>\n\n\n\n<p>La Pointe de la Garde s\u00e9pare les deux plages principales de Saint-Cast : la plage de Pen Guen c\u00f4t\u00e9 sud et la Grande Plage c\u00f4t\u00e9 nord. Laissez votre voiture sur le petit parking tout au bout de la rue principale, puis empruntez le petit sentier am\u00e9nag\u00e9 qui fait le tour de la pointe. L\u2019endroit est id\u00e9al pour un pique-nique en famille tout en jouissant d&rsquo;une vue magnifique \u00e0 360\u00b0. Non adapt\u00e9 aux touts petits car un peu escarp\u00e9 par endroits.<\/p>\n\n\n\n<p><em>The Pointe de la Garde separates the two main beaches of Saint-Cast: the beach of Pen Guen on the south side and the Grande Plage on the north side. Leave your car in the small car park at the end of the main street, then take the small path that goes around the point. The place is ideal for a family picnic while enjoying a magnificent 360\u00b0 view. Not suitable for toddlers as it is a bit steep in places.<\/em><\/p>\n\n\n\n<p><strong>Balades nature en cano\u00eb, kayak ou paddle<\/strong>&nbsp;(6 Km \/ 10 mn en voiture) :<\/p>\n\n\n\n<figure class=\"wp-block-image size-full\"><img loading=\"lazy\" decoding=\"async\" width=\"387\" height=\"221\" src=\"https:\/\/locationsaintcast.fr\/wp-content\/uploads\/2024\/06\/Kayak.jpg\" alt=\"\" class=\"wp-image-237\" srcset=\"https:\/\/locationsaintcast.fr\/wp-content\/uploads\/2024\/06\/Kayak.jpg 387w, https:\/\/locationsaintcast.fr\/wp-content\/uploads\/2024\/06\/Kayak-300x171.jpg 300w\" sizes=\"auto, (max-width: 387px) 100vw, 387px\" \/><\/figure>\n\n\n\n<p>Pour d\u00e9couvrir au fil de l&rsquo;eau la faune et la flore de l&rsquo;Arguenon et de sa baie. 2 choix d\u2019itin\u00e9raires&nbsp;:<\/p>\n\n\n\n<ul class=\"wp-block-list\">\n<li>C\u00f4t\u00e9 terre, entre Le Guildo et Planco\u00ebt<\/li>\n\n\n\n<li>C\u00f4t\u00e9 mer, dans la baie de l\u2019Arguenon<\/li>\n<\/ul>\n\n\n\n<p>Les balades sont effectu\u00e9es en autonomie et peuvent durer de 2 \u00e0 4 heures maximum.<\/p>\n\n\n\n<p><a href=\"http:\/\/www.canoe-kayak-saint-cast-le-guildo.com\/\">http:\/\/www.canoe-kayak-saint-cast-le-guildo.com\/<\/a><\/p>\n\n\n\n<p>Pour r\u00e9server, appeler Mathieu au 06.61.69.75.78<\/p>\n\n\n\n<p><em>To discover the fauna and flora of the Arguenon and its bay along the water. 2 choices of routes:<\/em><\/p>\n\n\n\n<ul class=\"wp-block-list\">\n<li><em>On the land side, between Le Guildo and Planco\u00ebt<\/em><\/li>\n\n\n\n<li><em>On the sea side, in the bay of Arguenon<\/em><\/li>\n<\/ul>\n\n\n\n<p><em>The rides are carried out independently and can last from 2 to 4 hours maximum.<\/em><\/p>\n\n\n\n<p><em>http:\/\/www.canoe-kayak-saint-cast-le-guildo.com\/<\/em><\/p>\n\n\n\n<p><em>To book, please call Mathieu at 06.61.69.75.78<\/em><\/p>\n\n\n\n<p><strong>Golf de Saint-Cast-le-Guildo<\/strong><\/p>\n\n\n\n<figure class=\"wp-block-image size-full\"><img loading=\"lazy\" decoding=\"async\" width=\"722\" height=\"506\" src=\"https:\/\/locationsaintcast.fr\/wp-content\/uploads\/2024\/06\/Golf.jpg\" alt=\"\" class=\"wp-image-238\" srcset=\"https:\/\/locationsaintcast.fr\/wp-content\/uploads\/2024\/06\/Golf.jpg 722w, https:\/\/locationsaintcast.fr\/wp-content\/uploads\/2024\/06\/Golf-300x210.jpg 300w\" sizes=\"auto, (max-width: 722px) 100vw, 722px\" \/><\/figure>\n\n\n\n<p>Le golf (18 trous) se trouve juste devant la r\u00e9sidence. Quelques minutes \u00e0 pieds suffiront aux amateurs pour rejoindre le parcours&nbsp;! Pas besoin d\u2019\u00eatre membre pour y acc\u00e9der.<\/p>\n\n\n\n<p>Possibilit\u00e9 de location de mat\u00e9riel&nbsp;: voiturette, chariot. Il est \u00e9ventuellement possible de louer les clubs en d\u00e9pannage \u00e0 condition de pr\u00e9venir \u00e0 l\u2019avance (8\u20ac la demi s\u00e9rie, 12\u20ac la s\u00e9rie compl\u00e8te).<\/p>\n\n\n\n<p>T\u00e9l\u00e9phone&nbsp;: 02.96.41.91.20<\/p>\n\n\n\n<p>Plus d\u2019infos&nbsp;sur&nbsp;:&nbsp; <a href=\"https:\/\/golf-st-cast.com\/\">https:\/\/golf-st-cast.com\/<\/a><\/p>\n\n\n\n<p><em>An 18-hole golf course is located right in front of the residence. A few minutes on foot will be enough for amateurs to reach the course! (no need to be a member to access it).<\/em><\/p>\n\n\n\n<p><em>Equipment rental is possible: cart, trolley. It is possible to rent the clubs as a breakdown provided you give advance notice (8\u20ac for half a series, 12\u20ac for a complete series).<\/em><\/p>\n\n\n\n<p><em>Phone : 02.96.41.91.20<\/em><\/p>\n\n\n\n<p><em>More info on: <a href=\"https:\/\/golf-st-cast.com\/\">https:\/\/golf-st-cast.com\/<\/a><\/em><\/p>\n\n\n\n<p><strong>Tennis :<\/strong><\/p>\n\n\n\n<figure class=\"wp-block-image size-large\"><img loading=\"lazy\" decoding=\"async\" width=\"1024\" height=\"672\" src=\"https:\/\/locationsaintcast.fr\/wp-content\/uploads\/2024\/06\/Tennis-1024x672.jpg\" alt=\"\" class=\"wp-image-239\" srcset=\"https:\/\/locationsaintcast.fr\/wp-content\/uploads\/2024\/06\/Tennis-1024x672.jpg 1024w, https:\/\/locationsaintcast.fr\/wp-content\/uploads\/2024\/06\/Tennis-300x197.jpg 300w, https:\/\/locationsaintcast.fr\/wp-content\/uploads\/2024\/06\/Tennis-768x504.jpg 768w, https:\/\/locationsaintcast.fr\/wp-content\/uploads\/2024\/06\/Tennis-892x585.jpg 892w, https:\/\/locationsaintcast.fr\/wp-content\/uploads\/2024\/06\/Tennis.jpg 1418w\" sizes=\"auto, (max-width: 1024px) 100vw, 1024px\" \/><\/figure>\n\n\n\n<p>La r\u00e9sidence dispose de trois courts de tennis en terre battue. Ouverture \u00e0 partir du week-end de P\u00e2ques jusqu&rsquo;\u00e0 mi-novembre approximativement (en fonction de l&rsquo;\u00e9tat des courts).<\/p>\n\n\n\n<p>Tarif :&nbsp; 1 heure = 20 \u20ac<\/p>\n\n\n\n<p>Pour r\u00e9server, contacter le club TenPad au 06 02 32 80 24 ou passer directement au club situ\u00e9 3 rue des tennis, 22380 Saint-Cast le Guildo (2,4 km \/ 4mn en voiture)<\/p>\n\n\n\n<p><em>The residence has three clay tennis courts. Open from the Easter weekend until approximately mid-November (depending on the condition of the courts).<\/em><\/p>\n\n\n\n<p><em>Prices : 1 hour = \u20ac20<\/em><\/p>\n\n\n\n<p><em>To book, please contact the TenPad club on +33 6 02 32 80 24 or go directly to the club located at 3 rue des tennis, 22380 Saint-Cast le Guildo (2.4 km \/ 4 minutes by car)<\/em><\/p>\n\n\n\n<p><strong>Activit\u00e9s nautiques&nbsp;\/ <em>Water activities<\/em> :<\/strong><\/p>\n\n\n\n<figure class=\"wp-block-image size-full\"><img loading=\"lazy\" decoding=\"async\" width=\"483\" height=\"290\" src=\"https:\/\/locationsaintcast.fr\/wp-content\/uploads\/2024\/06\/Voile.jpg\" alt=\"\" class=\"wp-image-240\" srcset=\"https:\/\/locationsaintcast.fr\/wp-content\/uploads\/2024\/06\/Voile.jpg 483w, https:\/\/locationsaintcast.fr\/wp-content\/uploads\/2024\/06\/Voile-300x180.jpg 300w\" sizes=\"auto, (max-width: 483px) 100vw, 483px\" \/><\/figure>\n\n\n\n<p>En juillet et ao\u00fbt uniquement, l\u2019\u00e9cole de voile Vitavoile est pr\u00e9sente sur la plage de Pen Guen, juste devant la r\u00e9sidence. Plus d&rsquo;infos sur : <a href=\"https:\/\/www.vitavoile.com\">https:\/\/www.vitavoile.com<\/a><\/p>\n\n\n\n<p>En dehors de cette p\u00e9riode, contacter le Centre Nautique de Saint-Cast, situ\u00e9 sur la Grande plage : <a href=\"https:\/\/centre-nautique-saint-cast.fr\">https:\/\/centre-nautique-saint-cast.fr<\/a><\/p>\n\n\n\n<p><em>In July and August only, the Vitavoile sailing school is present on the beach of Pen Guen, just in front of the residence<\/em>.<\/p>\n\n\n\n<p><a href=\"https:\/\/www.vitavoile.com\">h<em>ttps:\/\/www.vitavoile.com<\/em><\/a><\/p>\n\n\n\n<p><em>Outside this period, please contact the Saint-Cast Nautical Centre, located on the Grande Plage.<\/em><\/p>\n\n\n\n<p><em><a href=\"https:\/\/urldefense.com\/v3\/__https:\/centre-nautique-saint-cast.fr\/__;!!DOxrgLBm!DF3l5nynuTHlaancmwSIsYmeyPX3SN3ylCVk4WiwS9a49iayLFmAyqXlN6GZxd7RP5FsVC3nC5KtIlomrslpDDkryl8$\">https:\/\/centre-nautique-saint-cast.fr\/<\/a><\/em><\/p>\n\n\n\n<p><strong>Le Grand Aquarium de St Malo<\/strong> (27 Km \/ 35 mn en voiture)<\/p>\n\n\n\n<figure class=\"wp-block-image size-full\"><img loading=\"lazy\" decoding=\"async\" width=\"390\" height=\"256\" src=\"https:\/\/locationsaintcast.fr\/wp-content\/uploads\/2024\/06\/Aquarium.jpg\" alt=\"\" class=\"wp-image-241\" srcset=\"https:\/\/locationsaintcast.fr\/wp-content\/uploads\/2024\/06\/Aquarium.jpg 390w, https:\/\/locationsaintcast.fr\/wp-content\/uploads\/2024\/06\/Aquarium-300x197.jpg 300w\" sizes=\"auto, (max-width: 390px) 100vw, 390px\" \/><\/figure>\n\n\n\n<p><a href=\"http:\/\/www.aquarium-st-malo.com\/\">http:\/\/www.aquarium-st-malo.com\/<\/a><\/p>\n\n\n\n<p><\/p>\n\n\n\n<p><\/p>\n\n\n\n<p><font _mstmutation=\"1\"><\/font><\/p>\n","protected":false},"excerpt":{"rendered":"<p>Les sentiers douaniers du GR34&nbsp;\/ The GR34 customs trails : Sillonnez, \u00e0 travers le GR 34 et les diff\u00e9rentes boucles propos\u00e9es (carte \u00e0 demander \u00e0 l\u2019office du tourisme), la presqu\u2019\u00eele baignant dans les eaux bleu-vert de la C\u00f4te d\u2019Emeraude et au riche patrimoine (chapelles, moulins, \u00e9glise). 19 km de sentiers c\u00f4tiers vous sont accessibles, vous [&hellip;]<\/p>\n","protected":false},"author":1,"featured_media":179,"parent":0,"menu_order":0,"comment_status":"closed","ping_status":"closed","template":"","meta":{"footnotes":""},"class_list":["post-42","page","type-page","status-publish","has-post-thumbnail","hentry"],"_links":{"self":[{"href":"https:\/\/locationsaintcast.fr\/index.php?rest_route=\/wp\/v2\/pages\/42","targetHints":{"allow":["GET"]}}],"collection":[{"href":"https:\/\/locationsaintcast.fr\/index.php?rest_route=\/wp\/v2\/pages"}],"about":[{"href":"https:\/\/locationsaintcast.fr\/index.php?rest_route=\/wp\/v2\/types\/page"}],"author":[{"embeddable":true,"href":"https:\/\/locationsaintcast.fr\/index.php?rest_route=\/wp\/v2\/users\/1"}],"replies":[{"embeddable":true,"href":"https:\/\/locationsaintcast.fr\/index.php?rest_route=%2Fwp%2Fv2%2Fcomments&post=42"}],"version-history":[{"count":12,"href":"https:\/\/locationsaintcast.fr\/index.php?rest_route=\/wp\/v2\/pages\/42\/revisions"}],"predecessor-version":[{"id":363,"href":"https:\/\/locationsaintcast.fr\/index.php?rest_route=\/wp\/v2\/pages\/42\/revisions\/363"}],"wp:featuredmedia":[{"embeddable":true,"href":"https:\/\/locationsaintcast.fr\/index.php?rest_route=\/wp\/v2\/media\/179"}],"wp:attachment":[{"href":"https:\/\/locationsaintcast.fr\/index.php?rest_route=%2Fwp%2Fv2%2Fmedia&parent=42"}],"curies":[{"name":"wp","href":"https:\/\/api.w.org\/{rel}","templated":true}]}}